e (4 + 36/(-8))*-8. Suppose -2*l + 4*p - 4 = 0, 4*l - l - s = p. Let o(z) = z**3 - 6*z**2 + 4*z - 2. Give o(l).
-10
Let v(a) = -2*a. Let f(u) = u. Let x(y) = 5*f(y) + 2*v(y). Suppose -6*c = -c + 25. Let d = c + 3. Determine x(d).
-2
Let h = -38 + 34. Let w(m) = m**3 + 3*m**2 + 5. Determine w(h).
-11
Let l(x) = 10*x**2. Suppose 3*y + 4*y - 7 = 0. Give l(y).
10
Let h(y) = -7*y**2 + 16*y - 23. Let d(j) = 3*j**2 - 8*j + 11. Let l(t) = 5*d(t) + 2*h(t). Calculate l(6).
-3
Let k be (4/28)/((-24)/(-28)). Let v(m) be the second derivative of 1/2*m**2 + 0 - k*m**3 - m. Calculate v(-5).
6
Let t(w) = 8*w**3 - 4*w**2 - 2*w. Let q(c) = 4*c**3 - 2*c**2 - c. Let o(d) = -11*q(d) + 6*t(d). Give o(-1).
-5
Let l(m) = m**2 + 5*m + 6. Suppose -2*i + 4*i + 123 = 3*k, 2*k + 2*i = 72. Suppose 2*h + 3 = -2*g - 3, 5*g - 3*h + k = 0. Give l(g).
12
Let i(b) = b**2 + b + 1. Let k be i(-3). Suppose 3*n = 8 + k. Let v(s) = -s**3 + 5*s**2 + 1. Calculate v(n).
1
Suppose 2*t + 2*u - 2 = 0, -2*u = -3*t + 2*u - 4. Let z(o) = -3*o - 299*o**3 - 7 + 300*o**3 + 4*o. Determine z(t).
-7
Suppose 0*c = -2*c + 6. Let i(w) = w**2 + w**2 - 6*w**2 + w**3 + 1. Determine i(c).
-8
Let i(d) = 3*d - 1. Let l(n) = -7*n + 3. Let z(f) = 5*i(f) + 2*l(f). Calculate z(-3).
-2
Suppose -2*z + 15 = 5*b, 7 + 5 = 2*z + 4*b. Let k(y) = 3*y + 2*y + y**2 - 2 + z*y. Give k(-6).
4
Suppose -3*i = i - 5*y - 6, -24 = -4*i - 4*y. Suppose -44 = -i*d + 4*u, -2*d + 50 = 3*d - 4*u. Let a(q) = q**3 - 7*q**2 + 5*q + 3. What is a(d)?
-3
Let f(u) = -u**2 + 4*u - 1. Let d be 2 + (-4 - -1) + 3. Suppose -r - d*r = -15. Calculate f(r).
-6
Let r(n) = n**2 - n - 7. Suppose 0 = 3*t - 6*t + 15. Determine r(t).
13
Let m(q) be the third derivative of q**5/60 - q**4/24 + q**3/3 - 11*q**2. Calculate m(4).
14
Suppose -3*w = -c - 12, -w = 3*c - 5 + 1. Suppose 3*x + o = 14 - 4, 0 = 4*x + 5*o + 5. Let i(f) = 3*f - 1 - 4*f - 1 + x. Calculate i(w).
-1
Let x(f) = f + 6. Suppose -s + 2 = 0, -3*p - 4*s = s + 11. Determine x(p).
-1
Let j(c) = c + 3. Let f be (14/(-3)*3)/(-2). Let d = f - -4. Suppose -2*a + d = 3. Calculate j(a).
7
Suppose 4*g + 2*o = 14, 5*o - o - 13 = -5*g. Let p(v) = 2*v + 1. Let y(k) = -2*k. Let a(d) = g*y(d) + 4*p(d). Calculate a(3).
-2
Let q(w) = -7*w + 7. Let a(r) = -3*r + 3. Let c(n) = 9*a(n) - 4*q(n). Let p(m) = -4*m + 4. Let k(g) = -3*c(g) - p(g). Suppose -5*s + 3*s = -8. Calculate k(s).
3
Let v(w) = -w**2 + 5*w - 3. Suppose 0*c - 3*c + 9 = 0. Suppose 0*x - 9 = -c*x. Give v(x).
3
Let g(c) be the third derivative of -c**4/24 + 4*c**3/3 - 2*c**2. Give g(10).
-2
Let x(d) = d**2 - 5*d - 5. Let g = 10 - 6. Suppose i - 3*m = g, -m - 4*m = -5*i + 20. Suppose -5 = -i*u - 1, 2*t - 7 = 3*u. Determine x(t).
-5
Suppose 0 = -y + 4*y - 15. Let l(v) be the third derivative of 0*v - 1/4*v**4 + 0 + v**2 + 1/10*v**5 - 1/120*v**6 + 1/3*v**3. Determine l(y).
-3
Let z(l) = -l**3 + 2*l**2 - 2*l + 2. Let y be z(2). Suppose -2*i - i = -12. Let r(h) = h + 2 - 5*h**2 + i*h**2 - 4*h + 0*h. What is r(y)?
4
Let q be 5*-3*1/(-3). Let c(l) = 2*l - 3*l - l**3 + 5 + q*l + 3*l**2. Let y be 1/(-1*2/(-8)). What is c(y)?
5
Let p(i) = 2*i - 7. Let y be p(6). Suppose 0 = 4*g - 20, -w - 4*g = -2*g - 10. Let c(n) = w - 3*n + 0*n + n**2 - 6. Determine c(y).
4
Suppose -4*q + 10 = 5*g - 17, 0 = -3*q + 9. Suppose 0 = 5*i + 4*f - 4, -6*f = 5*i - 3*f - 3. Let u = g + i. Let m(z) = z**3 - 4*z**2 + 4*z - 2. Determine m(u).
1
Let j(l) be the third derivative of l**6/120 - l**5/30 - l**4/8 - l**3/3 + 2*l**2. Give j(3).
-2
Let d(w) = -w**3 - w**2 - w - 5. Let u be d(0). Let h = u - -2. Let s(i) be the second derivative of i**5/20 + i**4/3 + i**3/2 + 2*i**2 - i. What is s(h)?
4
Let m(o) = -5*o**3 - 4*o**2 - 2*o + 5. Let n(f) = -6*f**2 + 2*f**2 - 4*f**3 + 8 - 3 - f. Let l(r) = 3*m(r) - 4*n(r). Calculate l(-4).
3
Let v(x) be the second derivative of x**3/6 - 5*x**2/2 - 5*x. What is v(6)?
1
Let h(g) = -g. Let x be h(5). Let p(q) = -q**2 + 7*q + 5. Let b(n) = -7*n**2 - 2*n + 17*n + 11 + 4*n**2. Let i(d) = 2*b(d) - 5*p(d). Give i(x).
-3
Suppose 0 = 2*j - 2 - 0. Let i be 1/j*6/(-6). Let l(a) = -6*a**3 - a. Calculate l(i).
7
Let y(h) be the second derivative of -h**6/60 + h**5/20 + 3*h**2 + 3*h. Let v(a) be the first derivative of y(a). Calculate v(2).
-4
Let l(q) = -3*q**3 + 4*q**2 + q + 7. Let r(u) = 10*u**3 - 12*u**2 - 2*u - 22. Suppose 3*a = -9, 0*x + 22 = -x - 5*a. Let j(s) = x*l(s) - 2*r(s). Determine j(5).
5
Suppose 3*j = -8 - 13. Let o(a) = a**3 + 7*a**2 - 2*a - 10. Calculate o(j).
4
Let x(i) = -i + 9. Let f be x(9). Let h(u) = -u + f - u - 4*u - 1. Determine h(-1).
5
Let o(n) = 3*n - 1 - 2*n + 0*n. Suppose -3 + 1 = -u. Give o(u).
1
Suppose -11 - 8 = p + 5*l, -5*p + 4*l - 8 = 0. Let u(c) = -c**3 + c**2 - c + 1. Let n(i) = 3*i**3 + 2*i**2 - 2*i - 6. Let f(r) = p*u(r) - n(r). Calculate f(5).
7
Let g(f) = -4*f + 2. Let d be -4 + 5 + (-1 - 0). Suppose d = -9*h + 4*h + 15. What is g(h)?
-10
Suppose s + 2*s = 0. Let j(b) = -b**3 + b**2 + b + 2. Let v be j(s). Let o(q) = -q**2 + 4*q**v - 1 + 3*q**2 + q + 0. Determine o(1).
6
Let t be 80/12 - 2 - 4. Let d(m) be the third derivative of 0 + 0*m + t*m**3 + 1/60*m**5 + 3*m**2 + 1/4*m**4. Calculate d(-4).
-4
Let g = 27 - -13. Suppose 0 = -4*k + 8, k + g = -5*n - 8. Let c = n - -14. Let i(o) = o + 2. Calculate i(c).
6
Suppose -2*n - 4*f + 10 = 0, -4 = 4*n - 3*f + 5*f. Suppose u - 8 = -3*u. Let x(y) = -2*y - u*y**2 - 4 + 0*y + y**2. Give x(n).
-7
Let r(k) = 3*k + 1. Let a(t) = -t - 1. Let z(s) = 2*a(s) + r(s). Let l be 2/(-6) - 20/(-6). What is z(l)?
2
Let q(o) = -o**2 + o - 1. Let u(v) = -v**3 - 5*v**2 + 7*v - 7. Let d(g) = -6*q(g) + u(g). Let p(t) = -t**3 + 2*t**2 + t + 4. Let f be p(3). Calculate d(f).
9
Let l(r) = 6*r - 5*r - 2*r + 5*r + 1 - r**2. Give l(4).
1
Suppose 2*g + 4*c = -10, 2*c + 2 = -0*c. Let r(m) = 4*m + 5. Let y(z) = 5*z + 6. Let p(o) = 6*r(o) - 5*y(o). Give p(g).
3
Let j(o) = 16*o**2 - 14*o + 56. Let f(q) = 3*q**2 - 3*q + 11. Let v(z) = -11*f(z) + 2*j(z). Let l be v(4). Let i(g) = g + 5. Calculate i(l).
0
Let r(g) = g**3 - 6*g**2 - g + 1. Suppose d + 4*d - 30 = 0. Suppose -d = -3*t - 0. Suppose -m - t = -8. Calculate r(m).
-5
Let k = -29 + 28. Let n(m) = 5*m + 1. What is n(k)?
-4
Let z = 5 - 2. Let v(k) be the first derivative of k**4/4 - k**3 - 4*k - 6. Calculate v(z).
-4
Suppose -13 = -5*d - 2*m - m, 0 = -4*m + 4. Let z(n) = -5*n + 2 + 2*n**d + n**3 - 4*n**2 - n**2. Determine z(4).
-2
Let k(q) = 3*q + 5. Let g(f) = 3*f**2 + f - 2. Let n be g(-2). Let s = -13 + n. Calculate k(s).
-10
Let a be -3*(-2 - (-2)/(-2)). Suppose 2*j + 3 - a = 0. Let z(n) = -n**2 + 2*n + 3. Determine z(j).
0
Let z(i) = -3*i**2 - 3*i - 3. Suppose -v - 3*v + 8 = 0. Suppose 3*g = v*p - 14, -p - p = 4*g + 14. Suppose 6 = -3*o, 4*o - 3 = 5*w - p. What is z(w)?
-9
Let b(r) = 5*r - r + 3 + r - 5*r**2 + r**3 + 1. Let y(g) = 4*g**2. Suppose q - 3*a - 4 = 4, -q - 10 = 3*a. Let k be y(q). What is b(k)?
8
Let i(v) = -2*v**3 + 3*v**2 - 27*v - 13. Let x(l) = -l**3 + l**2 - 14*l - 7. Let d(k) = -6*i(k) + 11*x(k). Calculate d(6).
13
Let c(a) = 7*a + 6. Let t = -5 + 10. Let o(g) = 6*g + 5. Let w(d) = t*c(d) - 6*o(d). Let l = -1 - 3. Calculate w(l).
4
Let n(s) be the first derivative of s**4/4 + 4*s**3/3 - 3*s**2/2 + 5*s - 3. Calculate n(-5).
-5
Suppose 4*t = 35 - 11. Let w be t - 7 - (1 + 0). Let m(p) = -5*p. Calculate m(w).
10
Let m(y) be the third derivative of y**5/60 - y**4/8 + y**3/6 - 2*y**2. Determine m(3).
1
Suppose 11*s = 84 - 7. Let n(u) = u**2 - 6*u - 7. Determine n(s).
0
Let w(f) be the first derivative of -5*f**2/2 - 11*f + 9. Let y(u) = -u - 2. Let k(a) = 2*w(a) - 11*y(a). Calculate k(-3).
-3
Let u(g) be the first derivative of -g**6/120 - g**5/15 + g**4/4 + 5*g**3/6 - 2*g**2 - 3. Let b(z) be the second derivative of u(z). Calculate b(-5).
0
Let x(p) be the third derivative of -p**5/60 - p**4/8 - p**3/2 - p**2. Let d(h) = 5*h - 10 + 4*h - 4*h - 4*h. Let u be d(8). What is x(u)?
-1
Let r = -10 + 5. Let j be (r/3)/((-6)/18). Let c(p) = p**2 - 5*p + 6. What is c(j)?
6
Let r(u) = u**3 + 4*u**2 + 3*u + 6. Let g(h) = -h - 7. Let b(j) = j**3 + 8*j**2 - 3. Let z be b(-8). Let w be g(z). What is r(w)?
-6
Let z(u) = u**2 + 6*u + 21. Let c(g) = -g**2 - 4*g - 14. Let x(d) = -7*c(d) - 5*z(d). Determine x(3).
5
Let i(f) be the first derivative of 7 + 2*